{"id":2948,"date":"2016-03-10T10:14:04","date_gmt":"2016-03-10T16:14:04","guid":{"rendered":"http:\/\/renzon.com\/berta\/?page_id=2948"},"modified":"2026-01-27T08:03:50","modified_gmt":"2026-01-27T14:03:50","slug":"primaria","status":"publish","type":"page","link":"https:\/\/ebvg.edu.mx\/roma\/primaria\/","title":{"rendered":"Primaria"},"content":{"rendered":"<p>[vc_row][vc_column css=&#8221;.vc_custom_1502208736425{margin-top: -160px !important;}&#8221;][rev_slider_vc alias=&#8221;slideprimaria&#8221;][vc_empty_space height=&#8221;12px&#8221;]<h1 style=\"color:#a5a5a5;\" class=\" title center\">Primaria<\/h1>[vc_empty_space height=&#8221;20px&#8221;]<h3 style=\"color:#9e9e9e;\" class=\" subtitle left\">Clave de Incorporaci\u00f3n SEP 11\u20130339\u2013046\u201306\u2013Px\u2013026<\/h3>[\/vc_column][\/vc_row][vc_row][vc_column width=&#8221;2\/3&#8243;][vc_empty_space][vc_column_text]<\/p>\n<div class=\"vc_empty_space\"><\/div>\n<div class=\"wpb_text_column wpb_content_element \">\n<div class=\"wpb_wrapper\">\n<p><span class=\"white nicdark_dropcap nicdark_bg_blue nicdark_radius_circle nicdark_shadow\">N<\/span>uestra primaria tiene como objetivo principal la educaci\u00f3n integral del alumno, proporcion\u00e1ndole experiencias altamente formativas y poniendo a su alcance el mundo del conocimiento, para que logre el desarrollo \u00f3ptimo de todas sus capacidades.<\/p>\n<\/div>\n<\/div>\n<p>Buscamos coordinar la atenci\u00f3n especializada de nuestros maestros con el tiempo de calidad que los padres ofrecen a sus hijos, para lograr la mejor educaci\u00f3n general b\u00e1sica que el humano pueda adquirir y prepararlo para el mundo del ma\u00f1ana tanto en ingl\u00e9s como en espa\u00f1ol.<\/p>\n<p>Al t\u00e9rmino de primaria, el alumno contar\u00e1 con la certificaci\u00f3n Ket for school documento avalado por Cambridge.[\/vc_column_text][vc_empty_space][vc_empty_space][vc_row_inner][vc_column_inner width=&#8221;1\/3&#8243;][vc_btn title=&#8221;Servicios escolares&#8221; style=&#8221;3d&#8221; color=&#8221;orange&#8221; align=&#8221;center&#8221; link=&#8221;url:https%3A%2F%2Febvg.edu.mx%2Fromaservicios-escolares%2F|title:Ver%20m%C3%A1s||&#8221;][\/vc_column_inner][vc_column_inner width=&#8221;1\/3&#8243;][vc_btn title=&#8221;Transporte&#8221; style=&#8221;3d&#8221; color=&#8221;orange&#8221; align=&#8221;center&#8221; link=&#8221;|title:Ver%20m%C3%A1s||&#8221;][\/vc_column_inner][vc_column_inner width=&#8221;1\/3&#8243;][vc_btn title=&#8221;Locker&#8221; style=&#8221;3d&#8221; color=&#8221;orange&#8221; align=&#8221;center&#8221; link=&#8221;url:https%3A%2F%2Febvg.edu.mx%2Fromalocker%2F|title:Ver%20m%C3%A1s||&#8221;][\/vc_column_inner][\/vc_row_inner][\/vc_column][vc_column width=&#8221;1\/3&#8243;][vc_empty_space][vc_row_inner css=&#8221;.vc_custom_1456977240868{padding-top: 15px !important;padding-right: 25px !important;padding-bottom: 15px !important;padding-left: 25px !important;background-color: #294571 !important;border-radius: 3px !important;}&#8221;][vc_column_inner]<h3 style=\"color:#ffffff;\" class=\"  center\">Horario: 7:30 a 14:30 h.<\/h3>[vc_empty_space height=&#8221;10px&#8221;]<div class=\"nicdark_divider   small \"><span style=\"background-color:#ffffff;\" class=\"nicdark_radius\"><\/span><\/div>[vc_empty_space height=&#8221;10px&#8221;]<h3 style=\"color:#ffffff;\" class=\"  center\">Horario extendido<\/h3><h3 style=\"color:#ffffff;\" class=\"  center\">14:30 a 19:00 h.<\/h3>[\/vc_column_inner][\/vc_row_inner][vc_empty_space][vc_btn title=&#8221;Formato de reinscripci\u00f3n&#8221; style=&#8221;3d&#8221; color=&#8221;success&#8221; align=&#8221;center&#8221; i_icon_fontawesome=&#8221;fa fa-file-pdf-o&#8221; link=&#8221;url:https%3A%2F%2Febvg.edu.mx%2Fromawp-content%2Fuploads%2F2023%2F02%2FFto_Reincripciones_23-24.pdf|title:Ver%20m%C3%A1s|target:%20_blank|&#8221; add_icon=&#8221;true&#8221;][vc_btn title=&#8221;Procedimiento de inscripci\u00f3n&#8221; style=&#8221;flat&#8221; color=&#8221;sky&#8221; size=&#8221;xs&#8221; align=&#8221;center&#8221; link=&#8221;url:https%3A%2F%2Febvg.edu.mx%2Fromawp-content%2Fuploads%2F2023%2F02%2FInstructivo_Llenado_Fto_Reinscripciones_23-24.pdf|title:Ver%20m%C3%A1s|target:%20_blank|&#8221;][vc_empty_space][vc_row_inner][vc_column_inner css=&#8221;.vc_custom_1457628090429{padding: 0px !important;background-color: #294571 !important;border-radius: 3px !important;}&#8221;][vc_empty_space height=&#8221;10px&#8221;]<h2 style=\"color:#ffffff;\" class=\" subtitle center\">Uniformes<\/h2>[vc_empty_space height=&#8221;10px&#8221;][vc_column_text css=&#8221;.vc_custom_1494397399768{padding-top: 20px !important;padding-right: 25px !important;padding-bottom: 20px !important;padding-left: 25px !important;background-color: #f9f9f9 !important;border-radius: 3px !important;}&#8221;]De diario<\/p>\n<hr>\n<p>Pants de educaci\u00f3n f\u00edsica[\/vc_column_text][\/vc_column_inner][\/vc_row_inner][\/vc_column][\/vc_row][vc_row][vc_column][vc_empty_space height=&#8221;50px&#8221;][\/vc_column][\/vc_row][vc_row][vc_column][vc_empty_space]<h1 style=\"color:;\" class=\" title \">Datos de admisi\u00f3n<\/h1>[vc_empty_space]<div class=\"nicdark_divider  left big \"><span style=\"background-color:#1e73be;\" class=\"nicdark_radius\"><\/span><\/div>[vc_empty_space][\/vc_column][\/vc_row][vc_row][vc_column width=&#8221;1\/2&#8243;][vc_tta_accordion color=&#8221;blue&#8221; spacing=&#8221;10&#8243; active_section=&#8221;9&#8243; collapsible_all=&#8221;true&#8221;][vc_tta_section title=&#8221;Proceso de admisi\u00f3n&#8221; tab_id=&#8221;1457554929915-e4ad5599-73d9&#8243;][vc_column_text]<\/p>\n<ul>\n<li>Solicitar Informaci\u00f3n.<br \/>\nV\u00eda Telef\u00f3nica al n\u00famero 5552-41-13-40.<br \/>\nCorreo Electr\u00f3nico. <a href=\"mailto:relacionespublicas@ebvg.edu.mx\">relacionespublicas@ebvg.edu.mx<\/a><br \/>\nPresencial dentro de un horario de 8:30 a.m. a 6:00 p.m.<\/li>\n<li>Programar prueba de aptitudes acad\u00e9micas y entrevista del padre en Direcci\u00f3n de nivel<\/li>\n<li>Presentar prueba<\/li>\n<li>Entrega de resultado<\/li>\n<li>Realizar proceso de inscripci\u00f3n<\/li>\n<\/ul>\n<p>[\/vc_column_text][\/vc_tta_section][vc_tta_section title=&#8221;Requisitos de inscripci\u00f3n&#8221; tab_id=&#8221;1457555220307-aeab311a-ce07&#8243;][vc_column_text]<strong>PRIMARIA<\/strong><\/p>\n<p>Original y dos copias<\/p>\n<ul>\n<li>Acta de nacimiento<\/li>\n<li>CURP<\/li>\n<li>Certificado de Jard\u00edn de Ni\u00f1os (para ingreso a 1er. grado)<\/li>\n<li>Carta de conducta<\/li>\n<li>Certificado m\u00e9dico con: fecha, firma y c\u00e9dula profesional del doctor que la emiti\u00f3, tipo de sangre, peso, talla, especificar si tiene alg\u00fan padecimiento o alergia<\/li>\n<li>Carta de no adeudo del colegio proveniente<\/li>\n<li>Copia de INE (por los dos lados) de ambos padres<\/li>\n<li>Comprobante de domicilio de no m\u00e1s de dos meses de antig\u00fcedad (recibo telef\u00f3nico preferentemente)<\/li>\n<\/ul>\n<p>&nbsp;<\/p>\n<p>Si el ingreso es de 2do. a 6to. grado<\/p>\n<ul>\n<li>incluir copia&nbsp;de boletas de los ciclos cursados con anterioridad<\/li>\n<\/ul>\n<p>Nota: en caso de ser extranjeros, los documentos se deben presentar en original con la equivalencia correspondiente.<\/p>\n<p><strong>&nbsp;<\/strong><\/p>\n<p>&nbsp;[\/vc_column_text][\/vc_tta_section][\/vc_tta_accordion][\/vc_column][vc_column width=&#8221;1\/2&#8243;][vc_tta_accordion color=&#8221;blue&#8221; spacing=&#8221;10&#8243; active_section=&#8221;8&#8243; collapsible_all=&#8221;true&#8221;][vc_tta_section title=&#8221;Proveedor de uniformes&#8221; tab_id=&#8221;1457561749482-9d63f7c1-463a&#8221;][vc_column_text]<\/p>\n<p style=\"font-weight: 400;\">UNIFORMES COLE LM, S.A. DE C.V.<\/p>\n<p style=\"font-weight: 400;\">Cerrada de Augusto Rodin&nbsp; No. 98 interior 4, N\u00e1poles, 03840 CDMX<\/p>\n<p style=\"font-weight: 400;\">Tel. 55 5615 9015,&nbsp; 55 5598 8958, <a href=\"mailto:uniformescole@yahoo.com\">uniformescole@yahoo.com<\/a><\/p>\n<p>[\/vc_column_text][\/vc_tta_section][vc_tta_section title=&#8221;Servicio de forrado&#8221; tab_id=&#8221;1457561749661-b0b4be77-ce88&#8243;][vc_column_text]<\/p>\n<p style=\"margin: 0cm; margin-bottom: .0001pt; line-height: 16.5pt; background: #F8F8F8;\"><span lang=\"ES-MX\" style=\"font-size: 11.5pt; font-family: 'Raleway',serif; color: #a4a4a4;\">Incluye el forrado de libros y cuadernos, l\u00e1pices marcados por unidad y reforzados con el nombre, nivel y grado del alumno. (No incluye libros SEP)<\/span><\/p>\n<p style=\"margin: 0cm; margin-bottom: .0001pt; line-height: 16.5pt; background: #F8F8F8;\"><span lang=\"ES-MX\" style=\"font-size: 11.5pt; font-family: 'Raleway',serif; color: #a4a4a4;\">&nbsp;<\/span><\/p>\n<p style=\"margin: 0cm; margin-bottom: .0001pt; line-height: 16.5pt; background: #F8F8F8;\"><span lang=\"ES-MX\" style=\"font-size: 11.5pt; font-family: 'Raleway',serif; color: #a4a4a4;\">Costo por definir.<\/span><\/p>\n<p>[\/vc_column_text][\/vc_tta_section][\/vc_tta_accordion][\/vc_column][\/vc_row][vc_row][vc_column][vc_empty_space][vc_empty_space][vc_empty_space]<h1 style=\"color:;\" class=\" title left\"><\/h1><h2 style=\"color:;\" class=\" title left\"><\/h2>[vc_empty_space]<div class=\"nicdark_divider  left big \"><span style=\"background-color:#1e73be;\" class=\"nicdark_radius\"><\/span><\/div>[vc_empty_space][vc_row_inner][vc_column_inner width=&#8221;1\/3&#8243;][vc_empty_space][\/vc_column_inner][vc_column_inner width=&#8221;1\/3&#8243;][vc_empty_space][\/vc_column_inner][vc_column_inner width=&#8221;1\/3&#8243;][vc_empty_space][\/vc_column_inner][\/vc_row_inner][vc_empty_space][vc_empty_space][\/vc_column][\/vc_row]<\/p>\n","protected":false},"excerpt":{"rendered":"<p>[vc_row][vc_column css=&#8221;.vc_custom_1502208736425{margin-top: -160px !important;}&#8221;][rev_slider_vc alias=&#8221;slideprimaria&#8221;][vc_empty_space height=&#8221;12px&#8221;][vc_empty_space height=&#8221;20px&#8221;][\/vc_column][\/vc_row][vc_row][vc_column width=&#8221;2\/3&#8243;][vc_empty_space][vc_column_text] Nuestra primaria tiene como objetivo principal la educaci\u00f3n integral del alumno, proporcion\u00e1ndole experiencias altamente formativas y poniendo a su alcance el mundo del conocimiento, para que logre el desarrollo \u00f3ptimo de todas sus capacidades. Buscamos coordinar la atenci\u00f3n especializada de nuestros maestros con el tiempo de calidad &#8230;<\/p>\n","protected":false},"author":1,"featured_media":0,"parent":0,"menu_order":0,"comment_status":"closed","ping_status":"closed","template":"","meta":[],"_links":{"self":[{"href":"https:\/\/ebvg.edu.mx\/roma\/wp-json\/wp\/v2\/pages\/2948"}],"collection":[{"href":"https:\/\/ebvg.edu.mx\/roma\/wp-json\/wp\/v2\/pages"}],"about":[{"href":"https:\/\/ebvg.edu.mx\/roma\/wp-json\/wp\/v2\/types\/page"}],"author":[{"embeddable":true,"href":"https:\/\/ebvg.edu.mx\/roma\/wp-json\/wp\/v2\/users\/1"}],"replies":[{"embeddable":true,"href":"https:\/\/ebvg.edu.mx\/roma\/wp-json\/wp\/v2\/comments?post=2948"}],"version-history":[{"count":145,"href":"https:\/\/ebvg.edu.mx\/roma\/wp-json\/wp\/v2\/pages\/2948\/revisions"}],"predecessor-version":[{"id":14555,"href":"https:\/\/ebvg.edu.mx\/roma\/wp-json\/wp\/v2\/pages\/2948\/revisions\/14555"}],"wp:attachment":[{"href":"https:\/\/ebvg.edu.mx\/roma\/wp-json\/wp\/v2\/media?parent=2948"}],"curies":[{"name":"wp","href":"https:\/\/api.w.org\/{rel}","templated":true}]}}

<p>[vc_row][vc_column css=&#8221;.vc_custom_1502208736425{margin-top: -160px !important;}&#8221;][rev_slider_vc alias=&#8221;slideprimaria&#8221;][vc_empty_space height=&#8221;12px&#8221;]<h1 style="color:#a5a5a5;" class=" title center">Primaria</h1>[vc_empty_space height=&#8221;20px&#8221;]<h3 style="color:#9e9e9e;" class=" subtitle left">Clave de Incorporación SEP 11–0339–046–06–Px–026</h3>[/vc_column][/vc_row][vc_row][vc_column width=&#8221;2/3&#8243;][vc_empty_space][vc_column_text]</p>
<div class="vc_empty_space"></div>
<div class="wpb_text_column wpb_content_element ">
<div class="wpb_wrapper">
<p><span class="white nicdark_dropcap nicdark_bg_blue nicdark_radius_circle nicdark_shadow">N</span>uestra primaria tiene como objetivo principal la educación integral del alumno, proporcionándole experiencias altamente formativas y poniendo a su alcance el mundo del conocimiento, para que logre el desarrollo óptimo de todas sus capacidades.</p>
</div>
</div>
<p>Buscamos coordinar la atención especializada de nuestros maestros con el tiempo de calidad que los padres ofrecen a sus hijos, para lograr la mejor educación general básica que el humano pueda adquirir y prepararlo para el mundo del mañana tanto en inglés como en español.</p>
<p>Al término de primaria, el alumno contará con la certificación Ket for school documento avalado por Cambridge.[/vc_column_text][vc_empty_space][vc_empty_space][vc_row_inner][vc_column_inner width=&#8221;1/3&#8243;][vc_btn title=&#8221;Servicios escolares&#8221; style=&#8221;3d&#8221; color=&#8221;orange&#8221; align=&#8221;center&#8221; link=&#8221;url:https%3A%2F%2Febvg.edu.mx%2Fromaservicios-escolares%2F|title:Ver%20m%C3%A1s||&#8221;][/vc_column_inner][vc_column_inner width=&#8221;1/3&#8243;][vc_btn title=&#8221;Transporte&#8221; style=&#8221;3d&#8221; color=&#8221;orange&#8221; align=&#8221;center&#8221; link=&#8221;|title:Ver%20m%C3%A1s||&#8221;][/vc_column_inner][vc_column_inner width=&#8221;1/3&#8243;][vc_btn title=&#8221;Locker&#8221; style=&#8221;3d&#8221; color=&#8221;orange&#8221; align=&#8221;center&#8221; link=&#8221;url:https%3A%2F%2Febvg.edu.mx%2Fromalocker%2F|title:Ver%20m%C3%A1s||&#8221;][/vc_column_inner][/vc_row_inner][/vc_column][vc_column width=&#8221;1/3&#8243;][vc_empty_space][vc_row_inner css=&#8221;.vc_custom_1456977240868{padding-top: 15px !important;padding-right: 25px !important;padding-bottom: 15px !important;padding-left: 25px !important;background-color: #294571 !important;border-radius: 3px !important;}&#8221;][vc_column_inner]<h3 style="color:#ffffff;" class="  center">Horario: 7:30 a 14:30 h.</h3>[vc_empty_space height=&#8221;10px&#8221;]<div class="nicdark_divider   small "><span style="background-color:#ffffff;" class="nicdark_radius"></span></div>[vc_empty_space height=&#8221;10px&#8221;]<h3 style="color:#ffffff;" class="  center">Horario extendido</h3><h3 style="color:#ffffff;" class="  center">14:30 a 19:00 h.</h3>[/vc_column_inner][/vc_row_inner][vc_empty_space][vc_btn title=&#8221;Formato de reinscripción&#8221; style=&#8221;3d&#8221; color=&#8221;success&#8221; align=&#8221;center&#8221; i_icon_fontawesome=&#8221;fa fa-file-pdf-o&#8221; link=&#8221;url:https%3A%2F%2Febvg.edu.mx%2Fromawp-content%2Fuploads%2F2023%2F02%2FFto_Reincripciones_23-24.pdf|title:Ver%20m%C3%A1s|target:%20_blank|&#8221; add_icon=&#8221;true&#8221;][vc_btn title=&#8221;Procedimiento de inscripción&#8221; style=&#8221;flat&#8221; color=&#8221;sky&#8221; size=&#8221;xs&#8221; align=&#8221;center&#8221; link=&#8221;url:https%3A%2F%2Febvg.edu.mx%2Fromawp-content%2Fuploads%2F2023%2F02%2FInstructivo_Llenado_Fto_Reinscripciones_23-24.pdf|title:Ver%20m%C3%A1s|target:%20_blank|&#8221;][vc_empty_space][vc_row_inner][vc_column_inner css=&#8221;.vc_custom_1457628090429{padding: 0px !important;background-color: #294571 !important;border-radius: 3px !important;}&#8221;][vc_empty_space height=&#8221;10px&#8221;]<h2 style="color:#ffffff;" class=" subtitle center">Uniformes</h2>[vc_empty_space height=&#8221;10px&#8221;][vc_column_text css=&#8221;.vc_custom_1494397399768{padding-top: 20px !important;padding-right: 25px !important;padding-bottom: 20px !important;padding-left: 25px !important;background-color: #f9f9f9 !important;border-radius: 3px !important;}&#8221;]De diario</p>
<hr>
<p>Pants de educación física[/vc_column_text][/vc_column_inner][/vc_row_inner][/vc_column][/vc_row][vc_row][vc_column][vc_empty_space height=&#8221;50px&#8221;][/vc_column][/vc_row][vc_row][vc_column][vc_empty_space]<h1 style="color:;" class=" title ">Datos de admisión</h1>[vc_empty_space]<div class="nicdark_divider  left big "><span style="background-color:#1e73be;" class="nicdark_radius"></span></div>[vc_empty_space][/vc_column][/vc_row][vc_row][vc_column width=&#8221;1/2&#8243;][vc_tta_accordion color=&#8221;blue&#8221; spacing=&#8221;10&#8243; active_section=&#8221;9&#8243; collapsible_all=&#8221;true&#8221;][vc_tta_section title=&#8221;Proceso de admisión&#8221; tab_id=&#8221;1457554929915-e4ad5599-73d9&#8243;][vc_column_text]</p>
<ul>
<li>Solicitar Información.<br />
Vía Telefónica al número 5552-41-13-40.<br />
Correo Electrónico. <a href="mailto:relacionespublicas@ebvg.edu.mx">relacionespublicas@ebvg.edu.mx</a><br />
Presencial dentro de un horario de 8:30 a.m. a 6:00 p.m.</li>
<li>Programar prueba de aptitudes académicas y entrevista del padre en Dirección de nivel</li>
<li>Presentar prueba</li>
<li>Entrega de resultado</li>
<li>Realizar proceso de inscripción</li>
</ul>
<p>[/vc_column_text][/vc_tta_section][vc_tta_section title=&#8221;Requisitos de inscripción&#8221; tab_id=&#8221;1457555220307-aeab311a-ce07&#8243;][vc_column_text]<strong>PRIMARIA</strong></p>
<p>Original y dos copias</p>
<ul>
<li>Acta de nacimiento</li>
<li>CURP</li>
<li>Certificado de Jardín de Niños (para ingreso a 1er. grado)</li>
<li>Carta de conducta</li>
<li>Certificado médico con: fecha, firma y cédula profesional del doctor que la emitió, tipo de sangre, peso, talla, especificar si tiene algún padecimiento o alergia</li>
<li>Carta de no adeudo del colegio proveniente</li>
<li>Copia de INE (por los dos lados) de ambos padres</li>
<li>Comprobante de domicilio de no más de dos meses de antigüedad (recibo telefónico preferentemente)</li>
</ul>
<p>&nbsp;</p>
<p>Si el ingreso es de 2do. a 6to. grado</p>
<ul>
<li>incluir copia&nbsp;de boletas de los ciclos cursados con anterioridad</li>
</ul>
<p>Nota: en caso de ser extranjeros, los documentos se deben presentar en original con la equivalencia correspondiente.</p>
<p><strong>&nbsp;</strong></p>
<p>&nbsp;[/vc_column_text][/vc_tta_section][/vc_tta_accordion][/vc_column][vc_column width=&#8221;1/2&#8243;][vc_tta_accordion color=&#8221;blue&#8221; spacing=&#8221;10&#8243; active_section=&#8221;8&#8243; collapsible_all=&#8221;true&#8221;][vc_tta_section title=&#8221;Proveedor de uniformes&#8221; tab_id=&#8221;1457561749482-9d63f7c1-463a&#8221;][vc_column_text]</p>
<p style="font-weight: 400;">UNIFORMES COLE LM, S.A. DE C.V.</p>
<p style="font-weight: 400;">Cerrada de Augusto Rodin&nbsp; No. 98 interior 4, Nápoles, 03840 CDMX</p>
<p style="font-weight: 400;">Tel. 55 5615 9015,&nbsp; 55 5598 8958, <a href="mailto:uniformescole@yahoo.com">uniformescole@yahoo.com</a></p>
<p>[/vc_column_text][/vc_tta_section][vc_tta_section title=&#8221;Servicio de forrado&#8221; tab_id=&#8221;1457561749661-b0b4be77-ce88&#8243;][vc_column_text]</p>
<p style="margin: 0cm; margin-bottom: .0001pt; line-height: 16.5pt; background: #F8F8F8;"><span lang="ES-MX" style="font-size: 11.5pt; font-family: 'Raleway',serif; color: #a4a4a4;">Incluye el forrado de libros y cuadernos, lápices marcados por unidad y reforzados con el nombre, nivel y grado del alumno. (No incluye libros SEP)</span></p>
<p style="margin: 0cm; margin-bottom: .0001pt; line-height: 16.5pt; background: #F8F8F8;"><span lang="ES-MX" style="font-size: 11.5pt; font-family: 'Raleway',serif; color: #a4a4a4;">&nbsp;</span></p>
<p style="margin: 0cm; margin-bottom: .0001pt; line-height: 16.5pt; background: #F8F8F8;"><span lang="ES-MX" style="font-size: 11.5pt; font-family: 'Raleway',serif; color: #a4a4a4;">Costo por definir.</span></p>
<p>[/vc_column_text][/vc_tta_section][/vc_tta_accordion][/vc_column][/vc_row][vc_row][vc_column][vc_empty_space][vc_empty_space][vc_empty_space]<h1 style="color:;" class=" title left"></h1><h2 style="color:;" class=" title left"></h2>[vc_empty_space]<div class="nicdark_divider  left big "><span style="background-color:#1e73be;" class="nicdark_radius"></span></div>[vc_empty_space][vc_row_inner][vc_column_inner width=&#8221;1/3&#8243;][vc_empty_space][/vc_column_inner][vc_column_inner width=&#8221;1/3&#8243;][vc_empty_space][/vc_column_inner][vc_column_inner width=&#8221;1/3&#8243;][vc_empty_space][/vc_column_inner][/vc_row_inner][vc_empty_space][vc_empty_space][/vc_column][/vc_row]</p>

<p>[vc_row][vc_column css=&#8221;.vc_custom_1502208736425{margin-top: -160px !important;}&#8221;][rev_slider_vc alias=&#8221;slideprimaria&#8221;][vc_empty_space height=&#8221;12px&#8221;][vc_empty_space height=&#8221;20px&#8221;][/vc_column][/vc_row][vc_row][vc_column width=&#8221;2/3&#8243;][vc_empty_space][vc_column_text] Nuestra primaria tiene como objetivo principal la educación integral del alumno, proporcionándole experiencias altamente formativas y poniendo a su alcance el mundo del conocimiento, para que logre el desarrollo óptimo de todas sus capacidades. Buscamos coordinar la atención especializada de nuestros maestros con el tiempo de calidad &#8230;</p>
