{"id":4284,"date":"2017-08-09T21:27:49","date_gmt":"2017-08-09T21:27:49","guid":{"rendered":"http:\/\/ebvg.edu.mx\/cuajimalpa\/?page_id=4284"},"modified":"2024-01-10T19:04:34","modified_gmt":"2024-01-10T19:04:34","slug":"jardin-de-ninos","status":"publish","type":"page","link":"https:\/\/ebvg.edu.mx\/cuajimalpa\/jardin-de-ninos\/","title":{"rendered":"Preschool"},"content":{"rendered":"<p>[vc_row][vc_column css=\u00bb.vc_custom_1503437483830{margin-top: -160px !important;}\u00bb][rev_slider_vc alias=\u00bbslidepreschool\u00bb][\/vc_column][\/vc_row][vc_row][vc_column][vc_empty_space][\/vc_column][\/vc_row][vc_row][vc_column width=\u00bb2\/3&#8243;][vc_empty_space][vc_column_text]<\/p>\n<p align=\"justify\">Nuestro preescolar cuenta con una formaci\u00f3n acad\u00e9mica de excelencia que se ha llevado a cabo durante 20 a\u00f1os de trabajo en esta zona de la ciudad, apoyados en la experiencia del colegio Von Gl\u00fcmer pionera en M\u00e9xico en educaci\u00f3n preescolar, con 60\u00a0a\u00f1os de trabajo en la formaci\u00f3n de educadoras.<\/p>\n<p align=\"justify\">El objetivo de Kindergarten; es favorecer el desarrollo integral de nuestros alumnos; su desenvolvimiento Intelectual, Psicomotor, Afectivo y Social.<\/p>\n<p align=\"justify\">Prepar\u00e1ndolos en \u00f3ptimas condiciones en un programa biling\u00fce que nos permite brindarles a nuestros ni\u00f1os los beneficios de ambos idiomas lo cual nos ha permitido tener un programa de ense\u00f1anza m\u00e1s completo, de tal manera que nuestros alumnos ser\u00e1n \u00a0capaces de entender, hablar, leer y escribir el idioma ingl\u00e9s.<\/p>\n<p align=\"justify\">Esto se logra gracias a una plantilla de maestros cuidadosamente elegida, por su capacidad, preparaci\u00f3n, amor por los ni\u00f1os y vocaci\u00f3n.<\/p>\n<p align=\"justify\">Nuestros m\u00e9todos de ense\u00f1anza son din\u00e1micos y avanzados, cuentan con un programa vanguardista que gu\u00eda cuidadosamente al alumno a lograr las bases de un aprendizaje significativo desde el grado de nursery a pre-first,\u00a0 siendo este \u00faltimo un a\u00f1o previo al nivel de elementary en donde nuestros alumnos abarcan un 75% del tiempo de aprendizaje distribuido en diversas asignaturas en el idioma ingl\u00e9s y el restante 25% se sigue reforzando espa\u00f1ol.<\/p>\n<p align=\"justify\">Al concluir el nivel de Preschool nuestros alumnos est\u00e1n en \u00f3ptimas condiciones para iniciar su educaci\u00f3n Primaria.<\/p>\n<p>[\/vc_column_text][vc_empty_space]<h3 style=\"color:;\" class=\" subtitle left\">Uniformes<\/h3>[vc_column_text]<\/p>\n<ul>\n<li>De diario<\/li>\n<li>Pants para Educaci\u00f3n F\u00edsica<\/li>\n<\/ul>\n<p>[\/vc_column_text][vc_empty_space][\/vc_column][vc_column width=\u00bb1\/3&#8243;][vc_empty_space][vc_row_inner css=\u00bb.vc_custom_1462909217420{padding-top: 15px !important;padding-right: 25px !important;padding-bottom: 15px !important;padding-left: 25px !important;background-color: #6fc191 !important;border-radius: 3px !important;}\u00bb][vc_column_inner]<h3 style=\"color:#ffffff;\" class=\"  center\">Nursery<\/h3><h3 style=\"color:#ffffff;\" class=\"  center\">8:30 a 13:30 h.<\/h3><h6 style=\"color:#ffffff;\" class=\"  center\">Estudios que no requieren reconocimiento SEP.<\/h6>[vc_empty_space height=\u00bb10px\u00bb]<div class=\"nicdark_divider   small \"><span style=\"background-color:#ffffff;\" class=\"nicdark_radius\"><\/span><\/div>[vc_empty_space height=\u00bb10px\u00bb]<h3 style=\"color:#ffffff;\" class=\"  center\">Kindergarten<\/h3><h3 style=\"color:#ffffff;\" class=\"  center\">8:30 a 13:30 h.<\/h3>[vc_empty_space height=\u00bb10px\u00bb]<div class=\"nicdark_divider   small \"><span style=\"background-color:#ffffff;\" class=\"nicdark_radius\"><\/span><\/div>[vc_empty_space height=\u00bb10px\u00bb]<h3 style=\"color:#ffffff;\" class=\"  center\">Pre-first<\/h3><h3 style=\"color:#ffffff;\" class=\"  center\">8:30 a 14:30 h.<\/h3><h6 style=\"color:#ffffff;\" class=\"  center\">Estudios que no requieren reconocimiento SEP.<\/h6>[\/vc_column_inner][\/vc_row_inner][vc_empty_space][vc_row_inner css=\u00bb.vc_custom_1462909228817{padding-top: 15px !important;padding-right: 25px !important;padding-bottom: 15px !important;padding-left: 25px !important;background-color: #6fc191 !important;border-radius: 3px !important;}\u00bb][vc_column_inner]<h3 style=\"color:#ffffff;\" class=\"  center\">Niveles de ense\u00f1anza<\/h3>[\/vc_column_inner][\/vc_row_inner][vc_column_text css=\u00bb.vc_custom_1695676597209{padding-top: 20px !important;padding-right: 25px !important;padding-bottom: 20px !important;padding-left: 25px !important;background-color: #f9f9f9 !important;}\u00bb]<\/p>\n<p style=\"text-align: center;\">Nursery A y B (1\u00a0 a\u00f1o 6 meses, que caminen solos)<\/p>\n<hr \/>\n<p style=\"text-align: center;\">K1 (3 a\u00f1os en adelante)<\/p>\n<hr \/>\n<p style=\"text-align: center;\">K2 (4 a\u00f1os en adelante)<\/p>\n<hr \/>\n<p style=\"text-align: center;\">K3 (5 a\u00f1os en adelante)<\/p>\n<hr \/>\n<p style=\"text-align: center;\">Pre-first (6a\u00f1os en adelante)<\/p>\n<p>[\/vc_column_text][vc_empty_space][vc_row_inner content_placement=\u00bbmiddle\u00bb css=\u00bb.vc_custom_1704902941248{background-color: #6fc191 !important;border-radius: 3px !important;}\u00bb][vc_column_inner]<h5 style=\"color:#ffffff;\" class=\"  center\">Autorizaciones espec\u00edficas otorgadas por la Secretar\u00eda de Educaci\u00f3n P\u00fablica, con la facultad de impartir educaci\u00f3n en todos los tipos y grados, desde educaci\u00f3n preescolar, o sea, jard\u00edn de ni\u00f1os segun acuerdo 09050419 de fecha 19\/08\/2005.<\/h5>[\/vc_column_inner][\/vc_row_inner][vc_row_inner css=\u00bb.vc_custom_1704910548565{background-color: #6fc191 !important;}\u00bb][vc_column_inner][\/vc_column_inner][\/vc_row_inner][\/vc_column][\/vc_row][vc_row][vc_column][\/vc_column][\/vc_row][vc_row][vc_column][\/vc_column][\/vc_row][vc_row][vc_column][vc_empty_space height=\u00bb60px\u00bb]<h1 style=\"color:;\" class=\" title \">Proceso de admisi\u00f3n<\/h1>[vc_empty_space]<div class=\"nicdark_divider  left big \"><span style=\"background-color:#1e73be;\" class=\"nicdark_radius\"><\/span><\/div>[vc_empty_space][\/vc_column][\/vc_row][vc_row][vc_column width=\u00bb1\/2&#8243;][vc_tta_accordion color=\u00bbgreen\u00bb spacing=\u00bb10&#8243; active_section=\u00bb9&#8243; collapsible_all=\u00bbtrue\u00bb][vc_tta_section title=\u00bbSolicitar informaci\u00f3n\u00bb tab_id=\u00bb1457554929915-e4ad5599-73d9&#8243;][vc_column_text]<\/p>\n<ol>\n<li>Solicitar Informaci\u00f3n.<br \/>\nAl tel\u00e9fono: 5585307065<\/li>\n<li>Correo Electr\u00f3nico. rhumanascvg@ebvg.edu.mx (Horario extendido de 8:00 a 18:00 Hrs)<\/li>\n<li>Programar examen de admisi\u00f3n<\/li>\n<li>Presentar examen<\/li>\n<li>Entrega de resultado<\/li>\n<li>Realizar proceso de inscripci\u00f3n<\/li>\n<\/ol>\n<p>[\/vc_column_text][\/vc_tta_section][vc_tta_section title=\u00bbFormato de reinscripci\u00f3n\u00bb tab_id=\u00bb1613425585370-0d0262ba-5e2f\u00bb][vc_btn title=\u00bbFormato de Reinscripci\u00f3n\u00bb color=\u00bbsuccess\u00bb i_icon_fontawesome=\u00bbfa fa-file-pdf-o\u00bb link=\u00bburl:http%3A%2F%2Febvg.edu.mx%2Fcuajimalpa%2Fwp-content%2Fuploads%2F2021%2F02%2FFormato-Reinscripcion-B-Copiar.pdf||\u00bb add_icon=\u00bbtrue\u00bb][\/vc_tta_section][vc_tta_section title=\u00bbSolicitar entrevista con Departamento de Relaciones P\u00fablicas\u00bb tab_id=\u00bb1502340400811-ac279e77-bb11&#8243;][vc_column_text]<\/p>\n<div class=\"vc_tta-panel-body\">\n<div class=\"wpb_text_column wpb_content_element \">\n<div class=\"wpb_wrapper\">\n<ol>\n<li>Programar cita de informes.<\/li>\n<li>Realizar un recorrido por nuestras Instalaciones en Google.<\/li>\n<li>Recibir informaci\u00f3n de costos.<\/li>\n<li>Llenar el formato de solicitud y cuestionario de admisi\u00f3n.<\/li>\n<li>Programar y realizar pago de examen de admisi\u00f3n.<\/li>\n<li>Presentar ex\u00e1men<\/li>\n<li>Entrega de resultado<\/li>\n<li>Realizar proceso de inscripci\u00f3n<\/li>\n<\/ol>\n<\/div>\n<\/div>\n<\/div>\n<p>[\/vc_column_text][\/vc_tta_section][\/vc_tta_accordion][\/vc_column][vc_column width=\u00bb1\/2&#8243;][\/vc_column][\/vc_row][vc_row][vc_column][vc_empty_space height=\u00bb100px\u00bb][\/vc_column][\/vc_row]<\/p>\n","protected":false},"excerpt":{"rendered":"<p>[vc_row][vc_column css=\u00bb.vc_custom_1503437483830{margin-top: -160px !important;}\u00bb][rev_slider_vc alias=\u00bbslidepreschool\u00bb][\/vc_column][\/vc_row][vc_row][vc_column][vc_empty_space][\/vc_column][\/vc_row][vc_row][vc_column width=\u00bb2\/3&#8243;][vc_empty_space][vc_column_text] Nuestro preescolar cuenta con una formaci\u00f3n acad\u00e9mica de excelencia que se ha llevado a cabo durante 20 a\u00f1os de trabajo en esta zona de la ciudad, apoyados en la experiencia del colegio Von Gl\u00fcmer pionera en M\u00e9xico en educaci\u00f3n preescolar, con 60\u00a0a\u00f1os de trabajo en la formaci\u00f3n de educadoras. &#8230;<\/p>\n","protected":false},"author":1,"featured_media":0,"parent":0,"menu_order":0,"comment_status":"closed","ping_status":"closed","template":"","meta":{"footnotes":""},"_links":{"self":[{"href":"https:\/\/ebvg.edu.mx\/cuajimalpa\/wp-json\/wp\/v2\/pages\/4284"}],"collection":[{"href":"https:\/\/ebvg.edu.mx\/cuajimalpa\/wp-json\/wp\/v2\/pages"}],"about":[{"href":"https:\/\/ebvg.edu.mx\/cuajimalpa\/wp-json\/wp\/v2\/types\/page"}],"author":[{"embeddable":true,"href":"https:\/\/ebvg.edu.mx\/cuajimalpa\/wp-json\/wp\/v2\/users\/1"}],"replies":[{"embeddable":true,"href":"https:\/\/ebvg.edu.mx\/cuajimalpa\/wp-json\/wp\/v2\/comments?post=4284"}],"version-history":[{"count":34,"href":"https:\/\/ebvg.edu.mx\/cuajimalpa\/wp-json\/wp\/v2\/pages\/4284\/revisions"}],"predecessor-version":[{"id":9643,"href":"https:\/\/ebvg.edu.mx\/cuajimalpa\/wp-json\/wp\/v2\/pages\/4284\/revisions\/9643"}],"wp:attachment":[{"href":"https:\/\/ebvg.edu.mx\/cuajimalpa\/wp-json\/wp\/v2\/media?parent=4284"}],"curies":[{"name":"wp","href":"https:\/\/api.w.org\/{rel}","templated":true}]}}

<p>[vc_row][vc_column css=».vc_custom_1503437483830{margin-top: -160px !important;}»][rev_slider_vc alias=»slidepreschool»][/vc_column][/vc_row][vc_row][vc_column][vc_empty_space][/vc_column][/vc_row][vc_row][vc_column width=»2/3&#8243;][vc_empty_space][vc_column_text]</p>
<p align="justify">Nuestro preescolar cuenta con una formación académica de excelencia que se ha llevado a cabo durante 20 años de trabajo en esta zona de la ciudad, apoyados en la experiencia del colegio Von Glümer pionera en México en educación preescolar, con 60 años de trabajo en la formación de educadoras.</p>
<p align="justify">El objetivo de Kindergarten; es favorecer el desarrollo integral de nuestros alumnos; su desenvolvimiento Intelectual, Psicomotor, Afectivo y Social.</p>
<p align="justify">Preparándolos en óptimas condiciones en un programa bilingüe que nos permite brindarles a nuestros niños los beneficios de ambos idiomas lo cual nos ha permitido tener un programa de enseñanza más completo, de tal manera que nuestros alumnos serán  capaces de entender, hablar, leer y escribir el idioma inglés.</p>
<p align="justify">Esto se logra gracias a una plantilla de maestros cuidadosamente elegida, por su capacidad, preparación, amor por los niños y vocación.</p>
<p align="justify">Nuestros métodos de enseñanza son dinámicos y avanzados, cuentan con un programa vanguardista que guía cuidadosamente al alumno a lograr las bases de un aprendizaje significativo desde el grado de nursery a pre-first,  siendo este último un año previo al nivel de elementary en donde nuestros alumnos abarcan un 75% del tiempo de aprendizaje distribuido en diversas asignaturas en el idioma inglés y el restante 25% se sigue reforzando español.</p>
<p align="justify">Al concluir el nivel de Preschool nuestros alumnos están en óptimas condiciones para iniciar su educación Primaria.</p>
<p>[/vc_column_text][vc_empty_space]<h3 style="color:;" class=" subtitle left">Uniformes</h3>[vc_column_text]</p>
<ul>
<li>De diario</li>
<li>Pants para Educación Física</li>
</ul>
<p>[/vc_column_text][vc_empty_space][/vc_column][vc_column width=»1/3&#8243;][vc_empty_space][vc_row_inner css=».vc_custom_1462909217420{padding-top: 15px !important;padding-right: 25px !important;padding-bottom: 15px !important;padding-left: 25px !important;background-color: #6fc191 !important;border-radius: 3px !important;}»][vc_column_inner]<h3 style="color:#ffffff;" class="  center">Nursery</h3><h3 style="color:#ffffff;" class="  center">8:30 a 13:30 h.</h3><h6 style="color:#ffffff;" class="  center">Estudios que no requieren reconocimiento SEP.</h6>[vc_empty_space height=»10px»]<div class="nicdark_divider   small "><span style="background-color:#ffffff;" class="nicdark_radius"></span></div>[vc_empty_space height=»10px»]<h3 style="color:#ffffff;" class="  center">Kindergarten</h3><h3 style="color:#ffffff;" class="  center">8:30 a 13:30 h.</h3>[vc_empty_space height=»10px»]<div class="nicdark_divider   small "><span style="background-color:#ffffff;" class="nicdark_radius"></span></div>[vc_empty_space height=»10px»]<h3 style="color:#ffffff;" class="  center">Pre-first</h3><h3 style="color:#ffffff;" class="  center">8:30 a 14:30 h.</h3><h6 style="color:#ffffff;" class="  center">Estudios que no requieren reconocimiento SEP.</h6>[/vc_column_inner][/vc_row_inner][vc_empty_space][vc_row_inner css=».vc_custom_1462909228817{padding-top: 15px !important;padding-right: 25px !important;padding-bottom: 15px !important;padding-left: 25px !important;background-color: #6fc191 !important;border-radius: 3px !important;}»][vc_column_inner]<h3 style="color:#ffffff;" class="  center">Niveles de enseñanza</h3>[/vc_column_inner][/vc_row_inner][vc_column_text css=».vc_custom_1695676597209{padding-top: 20px !important;padding-right: 25px !important;padding-bottom: 20px !important;padding-left: 25px !important;background-color: #f9f9f9 !important;}»]</p>
<p style="text-align: center;">Nursery A y B (1  año 6 meses, que caminen solos)</p>
<hr />
<p style="text-align: center;">K1 (3 años en adelante)</p>
<hr />
<p style="text-align: center;">K2 (4 años en adelante)</p>
<hr />
<p style="text-align: center;">K3 (5 años en adelante)</p>
<hr />
<p style="text-align: center;">Pre-first (6años en adelante)</p>
<p>[/vc_column_text][vc_empty_space][vc_row_inner content_placement=»middle» css=».vc_custom_1704902941248{background-color: #6fc191 !important;border-radius: 3px !important;}»][vc_column_inner]<h5 style="color:#ffffff;" class="  center">Autorizaciones específicas otorgadas por la Secretaría de Educación Pública, con la facultad de impartir educación en todos los tipos y grados, desde educación preescolar, o sea, jardín de niños segun acuerdo 09050419 de fecha 19/08/2005.</h5>[/vc_column_inner][/vc_row_inner][vc_row_inner css=».vc_custom_1704910548565{background-color: #6fc191 !important;}»][vc_column_inner][/vc_column_inner][/vc_row_inner][/vc_column][/vc_row][vc_row][vc_column][/vc_column][/vc_row][vc_row][vc_column][/vc_column][/vc_row][vc_row][vc_column][vc_empty_space height=»60px»]<h1 style="color:;" class=" title ">Proceso de admisión</h1>[vc_empty_space]<div class="nicdark_divider  left big "><span style="background-color:#1e73be;" class="nicdark_radius"></span></div>[vc_empty_space][/vc_column][/vc_row][vc_row][vc_column width=»1/2&#8243;][vc_tta_accordion color=»green» spacing=»10&#8243; active_section=»9&#8243; collapsible_all=»true»][vc_tta_section title=»Solicitar información» tab_id=»1457554929915-e4ad5599-73d9&#8243;][vc_column_text]</p>
<ol>
<li>Solicitar Información.<br />
Al teléfono: 5585307065</li>
<li>Correo Electrónico. rhumanascvg@ebvg.edu.mx (Horario extendido de 8:00 a 18:00 Hrs)</li>
<li>Programar examen de admisión</li>
<li>Presentar examen</li>
<li>Entrega de resultado</li>
<li>Realizar proceso de inscripción</li>
</ol>
<p>[/vc_column_text][/vc_tta_section][vc_tta_section title=»Formato de reinscripción» tab_id=»1613425585370-0d0262ba-5e2f»][vc_btn title=»Formato de Reinscripción» color=»success» i_icon_fontawesome=»fa fa-file-pdf-o» link=»url:http%3A%2F%2Febvg.edu.mx%2Fcuajimalpa%2Fwp-content%2Fuploads%2F2021%2F02%2FFormato-Reinscripcion-B-Copiar.pdf||» add_icon=»true»][/vc_tta_section][vc_tta_section title=»Solicitar entrevista con Departamento de Relaciones Públicas» tab_id=»1502340400811-ac279e77-bb11&#8243;][vc_column_text]</p>
<div class="vc_tta-panel-body">
<div class="wpb_text_column wpb_content_element ">
<div class="wpb_wrapper">
<ol>
<li>Programar cita de informes.</li>
<li>Realizar un recorrido por nuestras Instalaciones en Google.</li>
<li>Recibir información de costos.</li>
<li>Llenar el formato de solicitud y cuestionario de admisión.</li>
<li>Programar y realizar pago de examen de admisión.</li>
<li>Presentar exámen</li>
<li>Entrega de resultado</li>
<li>Realizar proceso de inscripción</li>
</ol>
</div>
</div>
</div>
<p>[/vc_column_text][/vc_tta_section][/vc_tta_accordion][/vc_column][vc_column width=»1/2&#8243;][/vc_column][/vc_row][vc_row][vc_column][vc_empty_space height=»100px»][/vc_column][/vc_row]</p>

<p>[vc_row][vc_column css=».vc_custom_1503437483830{margin-top: -160px !important;}»][rev_slider_vc alias=»slidepreschool»][/vc_column][/vc_row][vc_row][vc_column][vc_empty_space][/vc_column][/vc_row][vc_row][vc_column width=»2/3&#8243;][vc_empty_space][vc_column_text] Nuestro preescolar cuenta con una formación académica de excelencia que se ha llevado a cabo durante 20 años de trabajo en esta zona de la ciudad, apoyados en la experiencia del colegio Von Glümer pionera en México en educación preescolar, con 60 años de trabajo en la formación de educadoras. &#8230;</p>
